{"id":228,"date":"2017-08-30T11:52:11","date_gmt":"2017-08-30T09:52:11","guid":{"rendered":"http:\/\/andrearota.it\/?page_id=228"},"modified":"2017-09-08T00:05:56","modified_gmt":"2017-09-07T22:05:56","slug":"story-of-my-life","status":"publish","type":"page","link":"http:\/\/andrearota.it\/?page_id=228","title":{"rendered":"Story of my life"},"content":{"rendered":"<img loading=\"lazy\" class=\"size-medium wp-image-363 aligncenter\" src=\"http:\/\/andrearota.it\/wp-content\/uploads\/2017\/08\/Signor-Rossi-200x300.jpg\" alt=\"\" width=\"200\" height=\"300\" srcset=\"http:\/\/andrearota.it\/wp-content\/uploads\/2017\/08\/Signor-Rossi-200x300.jpg 200w, http:\/\/andrearota.it\/wp-content\/uploads\/2017\/08\/Signor-Rossi-768x1151.jpg 768w, http:\/\/andrearota.it\/wp-content\/uploads\/2017\/08\/Signor-Rossi-683x1024.jpg 683w, http:\/\/andrearota.it\/wp-content\/uploads\/2017\/08\/Signor-Rossi.jpg 933w\" sizes=\"(max-width: 200px) 100vw, 200px\" \/>\r\n\r\n15\/05\/2017\r\n<h2 style=\"text-align: center;\"><span id=\"fbPhotoSnowliftCaption\" class=\"fbPhotosPhotoCaption\" tabindex=\"0\" data-ft=\"{&quot;tn&quot;:&quot;K&quot;}\"><span class=\"hasCaption\">535 IN CONDOTTA<\/span><\/span><\/h2>\r\n1250mt di sviluppo con 535mt dislivello positivo, punta massima di pendenza 80%. Pendenza media ultimi 400mt di sviluppo, 75%.\r\n\r\nSi partiva singolarmente ogni 30 secondi: un signore piuttosto anziano parte un minuto davanti a me, e circa a met\u00e0 della gara lo raggiungo e poi lo sorpasso, ma senza farci troppo caso.<span class=\"text_exposed_show\">\r\nAppena passato, lo stacco e vado avanti prendendo molti metri di distanza rispetto a lui.\r\nArrivo agli ultimi 400mt (il pezzo pi\u00f9 impegnativo della gara) e sento che il &#8220;signore&#8221; mi ha raggiunto tenendo un passo costante e deciso; cos\u00ec per non farmi superare provo ad aumentare il passo&#8230;ma niente, lui non molla e non si stacca.\r\nRimane incollato dietro di me per gli ultimi 15 minuti di gara, e per tutto il tempo \u00e8 incitato da tutte le persone presenti a guardare.\r\n&#8220;Forza Rossi, vai Rossi&#8221;\r\nFinita la gara io sono morto, mi sdraio in terra e lo perdo di vista.\r\nTorno a casa e nell&#8217;ordine di partenza cerco il suo nome.<\/span>\r\n\r\nLo trovo nell&#8217;elenco, leggo la sua data di nascita e scopro che \u00e8 nato nel 1942 (millenovecentoquarantadue<wbr \/>) si 75 anni.\r\n\r\nW lo sport, w la grinta e soprattuto&#8230;W IL SIGNOR ROSSI!\r\n\r\nChapeau.\r\n\r\n<hr \/>\r\n\r\n<a href=\"http:\/\/andrearota.it\/?page_id=374\"><img loading=\"lazy\" class=\"size-medium wp-image-389 aligncenter\" src=\"http:\/\/andrearota.it\/wp-content\/uploads\/2017\/09\/LUK_5028-300x200.jpg\" alt=\"\" width=\"300\" height=\"200\" \/><\/a>\r\n\r\n27\/11\/2016\r\n<h2 style=\"text-align: center;\"><a href=\"http:\/\/andrearota.it\/?page_id=374\">Nember by night<\/a><\/h2>\r\n<span id=\"fbPhotoSnowliftCaption\" class=\"fbPhotosPhotoCaption\" tabindex=\"0\" data-ft=\"{&quot;tn&quot;:&quot;K&quot;}\"><span class=\"hasCaption\">Sono circa le 5.15 di mattina e dopo una serata in discoteca sono appena tornato da un &#8220;giro fotografico&#8221; con il mio grande amico Andrea Spiranelli\r\nNon sono un fotografo ma mi piace fare foto, \u00e8 da mesi che voglio fotografare il mio paese di notte per vederlo (e farlo vedere) con un altra prosspettiva e provare a vedere le cose in modo diverso.\r\nHo sonno e scatto foto senza pensarci troppo&#8230;per\u00f2 forse questa notte oltre ad aver reso un po pi\u00f9 &#8220;bello&#8221; il mio paese penso di aver fatto qualcosa in pi\u00f9&#8230;\r\nPenso di aver scattato una delle foto pi\u00f9 magiche che abbia mai fatto!\r\nGrazie e buona notte, o forse buongiorno.<\/span><\/span><span id=\"fbPhotoSnowliftTagList\" class=\"fbPhotoTagList\"><\/span>\r\n\r\n<span style=\"border-radius: 2px; text-indent: 20px; width: auto; padding: 0px 4px 0px 0px; text-align: center; font: bold 11px\/20px 'Helvetica Neue',Helvetica,sans-serif; color: #ffffff; background: #bd081c no-repeat scroll 3px 50% \/ 14px 14px; position: absolute; opacity: 1; z-index: 8675309; display: none; cursor: pointer;\">Salva<\/span>\r\n\r\n<span style=\"border-radius: 2px; text-indent: 20px; width: auto; padding: 0px 4px 0px 0px; text-align: center; font: bold 11px\/20px 'Helvetica Neue',Helvetica,sans-serif; color: #ffffff; background: #bd081c no-repeat scroll 3px 50% \/ 14px 14px; position: absolute; opacity: 1; z-index: 8675309; display: none; cursor: pointer;\">Salva<\/span>\r\n\r\n<span style=\"border-radius: 2px; text-indent: 20px; width: auto; padding: 0px 4px 0px 0px; text-align: center; font: bold 11px\/20px 'Helvetica Neue',Helvetica,sans-serif; color: #ffffff; background: #bd081c no-repeat scroll 3px 50% \/ 14px 14px; position: absolute; opacity: 1; z-index: 8675309; display: none; cursor: pointer; top: 36px; left: 367px;\">Salva<\/span>\r\n\r\n<span style=\"border-radius: 2px; text-indent: 20px; width: auto; padding: 0px 4px 0px 0px; text-align: center; font: bold 11px\/20px 'Helvetica Neue',Helvetica,sans-serif; color: #ffffff; background: #bd081c no-repeat scroll 3px 50% \/ 14px 14px; position: absolute; opacity: 1; z-index: 8675309; display: none; cursor: pointer; top: 850px; left: 317px;\">Salva<\/span>\r\n\r\n<span style=\"border-radius: 2px; text-indent: 20px; width: auto; padding: 0px 4px 0px 0px; text-align: center; font: bold 11px\/20px 'Helvetica Neue',Helvetica,sans-serif; color: #ffffff; background: #bd081c no-repeat scroll 3px 50% \/ 14px 14px; position: absolute; opacity: 1; z-index: 8675309; display: none; cursor: pointer; top: 910px; left: 317px;\">Salva<\/span>\r\n\r\n<span style=\"border-radius: 2px; text-indent: 20px; width: auto; padding: 0px 4px 0px 0px; text-align: center; font: bold 11px\/20px 'Helvetica Neue',Helvetica,sans-serif; color: #ffffff; background: #bd081c no-repeat scroll 3px 50% \/ 14px 14px; position: absolute; opacity: 1; z-index: 8675309; display: none; cursor: pointer; top: 910px; left: 317px;\">Salva<\/span>\r\n\r\n<span style=\"border-radius: 2px; text-indent: 20px; width: auto; padding: 0px 4px 0px 0px; text-align: center; font: bold 11px\/20px 'Helvetica Neue',Helvetica,sans-serif; color: #ffffff; background: #bd081c no-repeat scroll 3px 50% \/ 14px 14px; position: absolute; opacity: 1; z-index: 8675309; display: none; cursor: pointer; top: 36px; left: 367px;\">Salva<\/span>\r\n\r\n<span style=\"border-radius: 2px; text-indent: 20px; width: auto; padding: 0px 4px 0px 0px; text-align: center; font: bold 11px\/20px 'Helvetica Neue',Helvetica,sans-serif; color: #ffffff; background: #bd081c no-repeat scroll 3px 50% \/ 14px 14px; position: absolute; opacity: 1; z-index: 8675309; display: none; cursor: pointer; top: 36px; left: 367px;\">Salva<\/span>\r\n\r\n<span style=\"border-radius: 2px; text-indent: 20px; width: auto; padding: 0px 4px 0px 0px; text-align: center; font: bold 11px\/20px 'Helvetica Neue',Helvetica,sans-serif; color: #ffffff; background: #bd081c no-repeat scroll 3px 50% \/ 14px 14px; position: absolute; opacity: 1; z-index: 8675309; display: none; cursor: pointer;\">Salva<\/span>\r\n\r\n<span style=\"border-radius: 2px; text-indent: 20px; width: auto; padding: 0px 4px 0px 0px; text-align: center; font: bold 11px\/20px 'Helvetica Neue',Helvetica,sans-serif; color: #ffffff; background: #bd081c no-repeat scroll 3px 50% \/ 14px 14px; position: absolute; opacity: 1; z-index: 8675309; display: none; cursor: pointer;\">Salva<\/span>\r\n\r\n<span style=\"border-radius: 2px; text-indent: 20px; width: auto; padding: 0px 4px 0px 0px; text-align: center; font: bold 11px\/20px 'Helvetica Neue',Helvetica,sans-serif; color: #ffffff; background: #bd081c  no-repeat scroll 3px 50% \/ 14px 14px; position: absolute; opacity: 1; z-index: 8675309; display: none; cursor: pointer; top: 36px; left: 367px;\">Salva<\/span>","protected":false},"excerpt":{"rendered":"<p>15\/05\/2017 535 IN CONDOTTA 1250mt di sviluppo con 535mt dislivello positivo, punta massima di pendenza 80%. Pendenza media ultimi 400mt di sviluppo, 75%. Si partiva singolarmente ogni 30 secondi: un signore piuttosto anziano parte un minuto davanti a me, e circa a met\u00e0 della gara &hellip; <a href=\"http:\/\/andrearota.it\/?page_id=228\" class=\"more-link\"><span>Continue reading<span class=\"screen-reader-text\">Story of my life<\/span><\/span><\/a><\/p>\n","protected":false},"author":1,"featured_media":0,"parent":0,"menu_order":0,"comment_status":"closed","ping_status":"closed","template":"","meta":[],"_links":{"self":[{"href":"http:\/\/andrearota.it\/index.php?rest_route=\/wp\/v2\/pages\/228"}],"collection":[{"href":"http:\/\/andrearota.it\/index.php?rest_route=\/wp\/v2\/pages"}],"about":[{"href":"http:\/\/andrearota.it\/index.php?rest_route=\/wp\/v2\/types\/page"}],"author":[{"embeddable":true,"href":"http:\/\/andrearota.it\/index.php?rest_route=\/wp\/v2\/users\/1"}],"replies":[{"embeddable":true,"href":"http:\/\/andrearota.it\/index.php?rest_route=%2Fwp%2Fv2%2Fcomments&post=228"}],"version-history":[{"count":17,"href":"http:\/\/andrearota.it\/index.php?rest_route=\/wp\/v2\/pages\/228\/revisions"}],"predecessor-version":[{"id":487,"href":"http:\/\/andrearota.it\/index.php?rest_route=\/wp\/v2\/pages\/228\/revisions\/487"}],"wp:attachment":[{"href":"http:\/\/andrearota.it\/index.php?rest_route=%2Fwp%2Fv2%2Fmedia&parent=228"}],"curies":[{"name":"wp","href":"https:\/\/api.w.org\/{rel}","templated":true}]}}